re the prime factors of 2531308?
2, 13, 48679
List the prime factors of 1290259.
1290259
What are the prime factors of 1317207?
3, 41, 10709
List the prime factors of 495934.
2, 67, 3701
What are the prime factors of 368157?
3, 122719
List the prime factors of 14221010.
2, 5, 17, 83653
What are the prime factors of 256838?
2, 53, 2423
List the prime factors of 30504228.
2, 3, 191, 13309
What are the prime factors of 1435237?
1435237
What are the prime factors of 319655?
5, 7, 9133
List the prime factors of 35444598.
2, 3, 7, 53, 15923
List the prime factors of 1400730.
2, 3, 5, 46691
What are the prime factors of 1031989?
7, 21061
What are the prime factors of 25601747?
25601747
What are the prime factors of 640870?
2, 5, 19, 3373
List the prime factors of 111062.
2, 7, 7933
List the prime factors of 23864081.
23864081
List the prime factors of 63080.
2, 5, 19, 83
List the prime factors of 454276.
2, 337
List the prime factors of 799480.
2, 5, 11, 23, 79
What are the prime factors of 117528?
2, 3, 59, 83
List the prime factors of 6924723.
3, 13, 277, 641
List the prime factors of 3702954.
2, 3, 23, 26833
What are the prime factors of 601823?
601823
What are the prime factors of 252597?
3, 84199
List the prime factors of 526133.
17, 30949
What are the prime factors of 7304579?
173, 42223
List the prime factors of 5267451.
3, 7, 5119
List the prime factors of 1091291.
463, 2357
What are the prime factors of 3435039?
3, 59, 6469
List the prime factors of 557932.
2, 139483
List the prime factors of 87816.
2, 3, 3659
What are the prime factors of 272603?
272603
List the prime factors of 2993723.
2993723
What are the prime factors of 71543?
29, 2467
What are the prime factors of 307102?
2, 97, 1583
List the prime factors of 241077.
3, 17, 29, 163
What are the prime factors of 217607?
13, 19, 881
List the prime factors of 2501149.
7, 103, 3469
What are the prime factors of 116200?
2, 5, 7, 83
List the prime factors of 28301.
7, 13, 311
List the prime factors of 1865284.
2, 466321
What are the prime factors of 1339926?
2, 3, 7, 61, 523
What are the prime factors of 29381254?
2, 7, 877, 2393
What are the prime factors of 1697746?
2, 31, 139, 197
What are the prime factors of 2823197?
13, 217169
List the prime factors of 710166.
2, 3, 118361
What are the prime factors of 152189?
152189
What are the prime factors of 627950?
2, 5, 19, 661
What are the prime factors of 59202?
2, 3, 11, 13, 23
List the prime factors of 236940.
2, 3, 5, 11, 359
List the prime factors of 1322372.
2, 311, 1063
List the prime factors of 5308401.
3, 7, 113, 2237
List the prime factors of 7364804.
2, 1841201
List the prime factors of 787240.
2, 5, 19681
List the prime factors of 898271.
11, 127, 643
What are the prime factors of 925770?
2, 3, 5, 30859
List the prime factors of 1272157.
1272157
What are the prime factors of 181326?
2, 3, 47, 643
What are the prime factors of 22127209?
13, 1702093
What are the prime factors of 1670434?
2, 835217
What are the prime factors of 2572824?
2, 3, 107201
What are the prime factors of 2635670?
2, 5, 263567
What are the prime factors of 1239462?
2, 3, 7, 1093
List the prime factors of 12125595.
3, 5, 808373
What are the prime factors of 879950?
2, 5, 17599
What are the prime factors of 138977?
138977
What are the prime factors of 8420770?
2, 5, 842077
List the prime factors of 385070.
2, 5, 7, 5501
List the prime factors of 1058976.
2, 3, 3677
List the prime factors of 4161872.
2, 11, 13, 17, 107
List the prime factors of 6881457.
3, 11, 208529
What are the prime factors of 31265312?
2, 13, 17, 4421
List the prime factors of 19431270.
2, 3, 5, 43, 5021
What are the prime factors of 11868965?
5, 1459, 1627
What are the prime factors of 273132?
2, 3, 281
What are the prime factors of 4627509?
3, 1542503
What are the prime factors of 1396682?
2, 7, 67, 1489
What are the prime factors of 601256?
2, 17, 4421
List the prime factors of 2240836.
2, 13, 43093
What are the prime factors of 2275849?
61, 37309
What are the prime factors of 6826725?
3, 5, 30341
List the prime factors of 319497.
3, 281, 379
List the prime factors of 102675.
3, 5, 37
What are the prime factors of 16468455?
3, 5, 1097897
What are the prime factors of 295108?
2, 11, 19, 353
List the prime factors of 19569860.
2, 5, 47, 109, 191
List the prime factors of 2305926.
2, 3, 7, 18301
List the prime factors of 144230.
2, 5, 14423
List the prime factors of 1996455.
3, 5, 133097
What are the prime factors of 418364?
2, 41, 2551
What are the prime factors of 4806001?
4806001
List the prime factors of 1708278.
2, 3, 11, 13, 181
List the prime factors of 4220975.
5, 11, 15349
List the prime factors of 788547.
3, 31, 61, 139
List the prime factors of 1304543.
1304543
What are the prime factors of 23322392?
2, 2915299
List the prime factors of 19155555.
3, 5, 47, 3019
What are the prime factors of 222400?
2, 5, 139
What are the prime factors of 6987500?
2, 5, 13, 43
List the prime factors of 2072003.
2072003
What are the prime factors of 712945?
5, 142589
List the prime factors of 1609528.
2, 19, 10589
What are the prime factors of 18510541?
7, 19, 139177
List the prime factors of 16464908.
2, 17, 14243
List the prime factors of 12723203.
12723203
What are the prime factors of 172686?
2, 3, 17, 1693
List the prime factors of 8409261.
3, 7, 400441
What are the prime factors of 34122644?
2, 2767, 3083
What are the prime factors of 4880107?
41, 119027
What are the prime factors of 2781347?
2781347
List the prime factors of 3755139.
3, 1251713
What are the prime factors of 672794?
2, 336397
List the prime factors of 2529354.
2, 3, 421559
List the prime factors of 4796971.
31, 271, 571
What are the prime factors of 10045436?
2, 17, 147727
What are the prime factors of 230841?
3, 13, 1973
List the prime factors of 398001.
3, 132667
What are the prime factors of 8025224?
2, 17, 59009
What are the prime factors of 9776397?
3, 829, 3931
What are the prime factors of 4072919?
4072919
What are the prime factors of 1117977?
3, 7, 139, 383
List the prime factors of 630192.
2, 3, 19, 691
What are the prime factors of 1566151?
19, 31, 2659
What are the prime factors of 1029198?
2, 3, 337, 509
List the prime factors of 1367427.
3, 455809
What are the prime factors of 805278?
2, 3, 134213
List the prime factors of 616522.
2, 17, 18133
What are the prime factors of 1018650?
2, 3, 5, 6791
List the prime factors of 17185785.
3, 5, 19, 47, 1283
What are the prime factors of 2718064?
2, 19, 8941
What are the prime factors of 15534149?
89, 347, 503
What are the prime factors of 305503?
11, 27773
What are the prime factors of 15573661?
241, 64621
List the prime factors of 2229849.
3, 27529
What are the prime factors of 655182?
2, 3, 11, 1103
List the prime factors of 86653.
7, 12379
List the prime factors of 5632679.
13, 61, 7103
What are the prime factors of 480521?
480521
What are the prime factors of 213984?
2, 3, 743
List the prime factors of 9821904.
2, 3, 204623
List the prime factors of 16037548.
2, 439, 9133
What are the prime factors of 378796?
2, 11, 8609
List the prime factors of 1543353.
3, 7, 10499
What are the prime factors of 2233353?
3, 744451
List the prime factors of 250441.
250441
List the prime factors of 5669834.
2, 53, 89, 601
What are the prime factors of 1233658?
2, 616829
List the prime factors of 834050.
2, 5, 7, 2383
List the prime factors of 1245608.
2, 7, 13, 29, 59
What are the prime factors of 1005257?
11, 91387
List the prime factors of 22654805.
5, 101, 113, 397
List the prime factors of 20120980.
2, 5, 11, 91459
What are the prime factors of 1060261?
743, 1427
What are the prime factors of 35900973?
3, 997, 4001
What are the prime factors of 1777713?
3, 7, 84653
What are the prime factors of 154480?
2, 5, 1931
List the prime factors of 5848042.
2, 2924021
List the prime factors of 5014959.
3, 1279, 1307
What are the prime factors of 3967815?
3, 5, 83, 3187
List the prime factors of 2958583.
2958583
What are the prime factors of 189576?
2, 3, 2633
What are the prime factors of 438279?
3, 146093
List the prime factors of 19270729.
1753, 10993
What are the prime factors of 1350548?
2, 17, 19861
List the prime factors of 5779903.
29, 241, 827
What are the prime factors of 164910